{"id":23,"date":"2015-07-25T15:47:35","date_gmt":"2015-07-25T13:47:35","guid":{"rendered":"https:\/\/kulturundgeschlecht.blogs.ruhr-uni-bochum.de\/?page_id=23"},"modified":"2022-12-14T11:02:07","modified_gmt":"2022-12-14T10:02:07","slug":"impressum","status":"publish","type":"page","link":"https:\/\/kulturundgeschlecht.blogs.ruhr-uni-bochum.de\/?page_id=23","title":{"rendered":"Impressum"},"content":{"rendered":"<p>Das <em>onlinejournal kultur &amp; geschlecht<\/em> ist ein Projekt der Fakult\u00e4t f\u00fcr Philologie, gef\u00f6rdert vom Rektorat der Ruhr-Universit\u00e4t Bochum.<\/p>\n<p>Verantwortlich f\u00fcr den Inhalt dieser Seite<br \/>\ngem\u00e4\u00df \u00a76 MDSTV ist<br \/>\nProf. Dr. Astrid Deuber-Mankowsky<\/p>\n<p>Institut f\u00fcr Medienwissenschaft<br \/>\nRuhr-Universit\u00e4t Bochum<br \/>\n44780 Bochum<\/p>\n<p>F\u00fcr Inhalte, die \u00fcber externe Links aufzurufen sind, wird keine Verantwortung \u00fcbernommen.<\/p>\n<p>Die Rechte der Texte liegen bei den Autor_innen.<\/p>\n<p>Projektleitung:<br \/>\n<a href=\"https:\/\/ifmlog.blogs.ruhr-uni-bochum.de\/ifm\/personen\/prof-dr-astrid-deuber-mankowsky\/\" target=\"_blank\" rel=\"noopener noreferrer\">Astrid Deuber-Mankowsky<\/a><\/p>\n<p>Redaktion:<br \/>\n<a href=\"http:\/\/ifm.rub.de\/institut\/personen\/peter-vignold-m-a\/\">Peter Vignold<\/a><br \/>\n<a href=\"https:\/\/ifmlog.blogs.ruhr-uni-bochum.de\/ifm\/personen\/jasmin-degeling-m-a\/\">Jasmin Degeling<\/a> (bis M\u00e4rz 2022)<br \/>\nAnja Michaelsen (bis M\u00e4rz 2018)<\/p>\n<p>Redaktionelle Mitarbeit:<br \/>\n<a href=\"https:\/\/film-medien.ftmk.uni-mainz.de\/dr-des-sarah-horn\/\">Sarah Horn<\/a><br \/>\n<a href=\"https:\/\/ifm.blogs.ruhr-uni-bochum.de\/index.php\/institut\/personen\/mary-shnayien-m-a\/\">Mary Shnayien<\/a><\/p>\n<p>Kontakt:<br \/>\n<a href=\"mailto:peter.vignold@ruhr-uni-bochum.de\">peter.vignold@ruhr-uni-bochum.de<\/a><\/p>\n<p>Design\/Realisation:<br \/>\nMary Shnayien<br \/>\nSilvana Schmidt<br \/>\n<a href=\"https:\/\/asperwitch.neocities.org\/\">Len Klapdor<\/a><\/p>\n<p>__________<\/p>\n<p><a href=\"http:\/\/www.dekphil.ruhr-uni-bochum.de\/\" target=\"_blank\" rel=\"noopener noreferrer\">Fakult\u00e4t f\u00fcr Philologie<\/a><\/p>\n<p><a href=\"http:\/\/www.sowi.ruhr-uni-bochum.de\/genderstudies\/\" target=\"_blank\" rel=\"noopener noreferrer\">Gender Studies<\/a><\/p>\n<p><a href=\"https:\/\/ifmlog.blogs.ruhr-uni-bochum.de\/\" target=\"_blank\" rel=\"noopener noreferrer\">Institut f\u00fcr Medienwissenschaft<\/a><\/p>\n<div class=\"twoclick_social_bookmarks_post_23 social_share_privacy clearfix 1.6.4 locale-de_DE sprite-de_DE\"><\/div><div class=\"twoclick-js\"><script type=\"text\/javascript\">\/* <![CDATA[ *\/\njQuery(document).ready(function($){if($('.twoclick_social_bookmarks_post_23')){$('.twoclick_social_bookmarks_post_23').socialSharePrivacy({\"services\":{\"facebook\":{\"status\":\"on\",\"txt_info\":\"2 Klicks f\\u00fcr mehr Datenschutz: Erst wenn Sie hier klicken, wird der Button aktiv und Sie k\\u00f6nnen Ihre Empfehlung an Facebook senden. Schon beim Aktivieren werden Daten an Dritte \\u00fcbertragen.\",\"perma_option\":\"off\",\"action\":\"recommend\",\"language\":\"de_DE\"},\"twitter\":{\"reply_to\":\"\",\"tweet_text\":\"Impressum%20%C2%BB%20onlinejournal%20kultur%20%26%20geschlecht\",\"status\":\"on\",\"txt_info\":\"2 Klicks f\\u00fcr mehr Datenschutz: Erst wenn Sie hier klicken, wird der Button aktiv und Sie k\\u00f6nnen Ihre Empfehlung an Twitter senden. Schon beim Aktivieren werden Daten an Dritte \\u00fcbertragen.\",\"perma_option\":\"off\",\"language\":\"de\",\"referrer_track\":\"\"},\"gplus\":{\"status\":\"on\",\"txt_info\":\"2 Klicks f\\u00fcr mehr Datenschutz: Erst wenn Sie hier klicken, wird der Button aktiv und Sie k\\u00f6nnen Ihre Empfehlung an Google+ senden. Schon beim Aktivieren werden Daten an Dritte \\u00fcbertragen.\",\"perma_option\":\"off\",\"referrer_track\":\"\"}},\"txt_help\":\"Wenn Sie diese Felder durch einen Klick aktivieren, werden Informationen an Facebook, Twitter oder Google eventuell ins Ausland \\u00fcbertragen und unter Umst\\u00e4nden auch dort gespeichert.\",\"settings_perma\":\"Dauerhaft aktivieren und Daten\\u00fcber-tragung zustimmen:\",\"info_link\":\"http:\\\/\\\/\",\"uri\":\"https:\\\/\\\/kulturundgeschlecht.blogs.ruhr-uni-bochum.de\\\/?page_id=23\",\"post_id\":23,\"post_title_referrer_track\":\"Impressum\",\"display_infobox\":\"off\"});}});\n\/* ]]> *\/<\/script><\/div>","protected":false},"excerpt":{"rendered":"<p>Das onlinejournal kultur &amp; geschlecht ist ein Projekt der Fakult\u00e4t f\u00fcr Philologie, gef\u00f6rdert vom Rektorat der Ruhr-Universit\u00e4t Bochum. Verantwortlich f\u00fcr den Inhalt dieser Seite gem\u00e4\u00df \u00a76 MDSTV ist Prof. Dr. Astrid Deuber-Mankowsky Institut f\u00fcr Medienwissenschaft Ruhr-Universit\u00e4t Bochum 44780 Bochum F\u00fcr &hellip; <a href=\"https:\/\/kulturundgeschlecht.blogs.ruhr-uni-bochum.de\/?page_id=23\">Weiterlesen <span class=\"meta-nav\">&rarr;<\/span><\/a><\/p>\n","protected":false},"author":7,"featured_media":0,"parent":0,"menu_order":0,"comment_status":"closed","ping_status":"open","template":"","meta":{"footnotes":""},"class_list":["post-23","page","type-page","status-publish","hentry"],"_links":{"self":[{"href":"https:\/\/kulturundgeschlecht.blogs.ruhr-uni-bochum.de\/index.php?rest_route=\/wp\/v2\/pages\/23","targetHints":{"allow":["GET"]}}],"collection":[{"href":"https:\/\/kulturundgeschlecht.blogs.ruhr-uni-bochum.de\/index.php?rest_route=\/wp\/v2\/pages"}],"about":[{"href":"https:\/\/kulturundgeschlecht.blogs.ruhr-uni-bochum.de\/index.php?rest_route=\/wp\/v2\/types\/page"}],"author":[{"embeddable":true,"href":"https:\/\/kulturundgeschlecht.blogs.ruhr-uni-bochum.de\/index.php?rest_route=\/wp\/v2\/users\/7"}],"replies":[{"embeddable":true,"href":"https:\/\/kulturundgeschlecht.blogs.ruhr-uni-bochum.de\/index.php?rest_route=%2Fwp%2Fv2%2Fcomments&post=23"}],"version-history":[{"count":18,"href":"https:\/\/kulturundgeschlecht.blogs.ruhr-uni-bochum.de\/index.php?rest_route=\/wp\/v2\/pages\/23\/revisions"}],"predecessor-version":[{"id":1171,"href":"https:\/\/kulturundgeschlecht.blogs.ruhr-uni-bochum.de\/index.php?rest_route=\/wp\/v2\/pages\/23\/revisions\/1171"}],"wp:attachment":[{"href":"https:\/\/kulturundgeschlecht.blogs.ruhr-uni-bochum.de\/index.php?rest_route=%2Fwp%2Fv2%2Fmedia&parent=23"}],"curies":[{"name":"wp","href":"https:\/\/api.w.org\/{rel}","templated":true}]}}