{"id":31,"date":"2015-07-25T16:34:17","date_gmt":"2015-07-25T14:34:17","guid":{"rendered":"https:\/\/kulturundgeschlecht.blogs.ruhr-uni-bochum.de\/?page_id=31"},"modified":"2018-11-14T11:51:07","modified_gmt":"2018-11-14T10:51:07","slug":"netzwerk","status":"publish","type":"page","link":"https:\/\/kulturundgeschlecht.blogs.ruhr-uni-bochum.de\/?page_id=31","title":{"rendered":"Netzwerk"},"content":{"rendered":"<ul>\n<li><a href=\"http:\/\/anschlaege.at\/feminismus\/\" target=\"_blank\">Anschl\u00e4ge. Das feministische Magazin<\/a><\/li>\n<li><a href=\"http:\/\/www.uni-muenster.de\/FB2\/tff\/\" target=\"_blank\">Arbeitsstelle Feministische Theologie und Genderforschung der Universit\u00e4t M\u00fcnster<\/a><\/li>\n<li><a href=\"http:\/\/www.gender.hu-berlin.de\/de\/publikationen\/gender-bulletins\/gender-bulletins\" target=\"_blank\">Bulletin des ZtG<\/a><\/li>\n<li><a href=\"https:\/\/criticalhabitations.wordpress.com\/\" target=\"_blank\">Criticalhabitations Network<\/a><\/li>\n<li><a href=\"http:\/\/www.ruhr-uni-bochum.de\/philosophin\/\" target=\"_blank\">Die Philosophin. Forum f\u00fcr feministische Theorie und Philosophie<\/a><\/li>\n<li><a href=\"https:\/\/www.digitales-deutsches-frauenarchiv.de\/themen\" target=\"_blank\">Digitales Deutsches Frauenarchiv<\/a><\/li>\n<li><a href=\"http:\/\/www.dekphil.ruhr-uni-bochum.de\/\" target=\"_blank\">Fakult\u00e4t f\u00fcr Philologie\/Ruhr-Universit\u00e4t Bochum<\/a><\/li>\n<li><a href=\"http:\/\/feminismus-im-pott.de\/\" target=\"_blank\">Feminismus im Pott<\/a><\/li>\n<li><a href=\"http:\/\/www.gender.hu-berlin.de\/de\/bibliothek\" target=\"_blank\">Genderbibliothek des ZtG<\/a><\/li>\n<li><a href=\"https:\/\/www.gendercampus.ch\/de\" target=\"_blank\">Gender Campus<\/a><\/li>\n<li><a href=\"http:\/\/www.genderforum.org\/\" target=\"_blank\">Gender Forum<\/a><\/li>\n<li><a href=\"https:\/\/www.genderopen.de\" target=\"_blank\">Gender Open Repositorium<\/a><\/li>\n<li><a href=\"https:\/\/www.uni-due.de\/genderportal\/\" target=\"_blank\">Gender- Portal der Universit\u00e4t Duisburg\/Essen<\/a><\/li>\n<li><a href=\"http:\/\/www.sowi.ruhr-uni-bochum.de\/genderstudies\/index.html.de\" target=\"_blank\">Gender Studies der Ruhr-Universit\u00e4t Bochum<\/a><\/li>\n<li><a href=\"http:\/\/www.uibk.ac.at\/leopoldine\/gender-studies\/\" target=\"_blank\">Gender Studies der Universit\u00e4t Innsbruck<\/a><\/li>\n<li><a href=\"https:\/\/www.ici-berlin.org\/\" target=\"_blank\">Institute for Cultural Inquiry (ICI) Berlin<\/a><\/li>\n<li><a href=\"https:\/\/ifmlog.blogs.ruhr-uni-bochum.de\/\" target=\"_blank\">Institut f\u00fcr Medienwissenschaft der Ruhr-Universit\u00e4t Bochum<\/a><\/li>\n<li><a href=\"http:\/\/www.queer-institut.de\/\" target=\"_blank\">Institut f\u00fcr Queer Theory<\/a><\/li>\n<li><a href=\"http:\/\/www.uni-bielefeld.de\/IZG\/\">Interdisziplin\u00e4res Zentrum f\u00fcr Geschlechterforschung (IZG)\/Universit\u00e4t Bielefeld<\/a><\/li>\n<li><a href=\"http:\/\/maedchenmannschaft.net\/\" target=\"_blank\">M\u00e4dchenmannschaft<\/a><\/li>\n<li><a href=\"http:\/\/www.sowi.ruhr-uni-bochum.de\/jahoda\/\" target=\"_blank\">Marie-Jahoda-Gastprofessur f\u00fcr Internationale Frauenforschung der Ruhr-Universit\u00e4t Bochum<\/a><\/li>\n<li><a href=\"http:\/\/www.melodiva.de\/melodiva\/\" target=\"_blank\">Melodiva. Female music networking<\/a><\/li>\n<li><a href=\"http:\/\/www.misstilly.de\/\" target=\"_blank\">Miss Tilly \u2013 das Frauenmagazin im Internet<\/a><\/li>\n<li><a href=\"http:\/\/www.netzwerk-fgf.nrw.de\/start-netzwerk\/\" target=\"_blank\">Netzwerk Frauen- und Geschlechterforschung NRW<\/a><\/li>\n<li><a href=\"https:\/\/opengenderjournal.de\/about\/contact\" target=\"_blank\">Open Gender Journal<\/a><\/li>\n<li><a href=\"http:\/\/portal-intersektionalitaet.de\/startseite\/\" target=\"_blank\">Portal Intersektionalit\u00e4t<\/a><\/li>\n<li><a href=\"http:\/\/www.querelles-net.de\/index.php\/qn\/\" target=\"_blank\">Querelles-net: Rezensionszeitschrift f\u00fcr Frauen- und Geschlechterforschung<\/a><\/li>\n<li><a href=\"http:\/\/www.frauen-undgeschlechterforschung.de\/\" target=\"_blank\">Sektion Frauen- und Geschlechterforschung der Deutschen Gesellschaft f\u00fcr Soziologie<\/a><\/li>\n<li><a href=\"http:\/\/kw1.uni-paderborn.de\/institute-einrichtungen\/gender-studien\/\" target=\"_blank\">Zentrum f\u00fcr Gender Studies\/Universit\u00e4t Paderborn<\/a><\/li>\n<li><a href=\"http:\/\/www.uni-oldenburg.de\/zfg\/\" target=\"_blank\">Zentrum f\u00fcr interdisziplin\u00e4re Frauen- und Geschlechterforschung (ZFG)\/Universit\u00e4t Oldenburg<\/a><\/li>\n<li><a href=\"http:\/\/www.gender.hu-berlin.de\/de\" target=\"_blank\">Zentrum f\u00fcr transdisziplin\u00e4re Geschlechterstudien\/Humboldt Universit\u00e4t Berlin<\/a><\/li>\n<\/ul>\n<div class=\"twoclick_social_bookmarks_post_31 social_share_privacy clearfix 1.6.4 locale-de_DE sprite-de_DE\"><\/div><div class=\"twoclick-js\"><script type=\"text\/javascript\">\/* <![CDATA[ *\/\njQuery(document).ready(function($){if($('.twoclick_social_bookmarks_post_31')){$('.twoclick_social_bookmarks_post_31').socialSharePrivacy({\"services\":{\"facebook\":{\"status\":\"on\",\"txt_info\":\"2 Klicks f\\u00fcr mehr Datenschutz: Erst wenn Sie hier klicken, wird der Button aktiv und Sie k\\u00f6nnen Ihre Empfehlung an Facebook senden. Schon beim Aktivieren werden Daten an Dritte \\u00fcbertragen.\",\"perma_option\":\"off\",\"action\":\"recommend\",\"language\":\"de_DE\"},\"twitter\":{\"reply_to\":\"\",\"tweet_text\":\"Netzwerk%20%C2%BB%20onlinejournal%20kultur%20%26%20geschlecht\",\"status\":\"on\",\"txt_info\":\"2 Klicks f\\u00fcr mehr Datenschutz: Erst wenn Sie hier klicken, wird der Button aktiv und Sie k\\u00f6nnen Ihre Empfehlung an Twitter senden. Schon beim Aktivieren werden Daten an Dritte \\u00fcbertragen.\",\"perma_option\":\"off\",\"language\":\"de\",\"referrer_track\":\"\"},\"gplus\":{\"status\":\"on\",\"txt_info\":\"2 Klicks f\\u00fcr mehr Datenschutz: Erst wenn Sie hier klicken, wird der Button aktiv und Sie k\\u00f6nnen Ihre Empfehlung an Google+ senden. Schon beim Aktivieren werden Daten an Dritte \\u00fcbertragen.\",\"perma_option\":\"off\",\"referrer_track\":\"\"}},\"txt_help\":\"Wenn Sie diese Felder durch einen Klick aktivieren, werden Informationen an Facebook, Twitter oder Google eventuell ins Ausland \\u00fcbertragen und unter Umst\\u00e4nden auch dort gespeichert.\",\"settings_perma\":\"Dauerhaft aktivieren und Daten\\u00fcber-tragung zustimmen:\",\"info_link\":\"http:\\\/\\\/\",\"uri\":\"https:\\\/\\\/kulturundgeschlecht.blogs.ruhr-uni-bochum.de\\\/?page_id=31\",\"post_id\":31,\"post_title_referrer_track\":\"Netzwerk\",\"display_infobox\":\"off\"});}});\n\/* ]]> *\/<\/script><\/div>","protected":false},"excerpt":{"rendered":"<p>Anschl\u00e4ge. Das feministische Magazin Arbeitsstelle Feministische Theologie und Genderforschung der Universit\u00e4t M\u00fcnster Bulletin des ZtG Criticalhabitations Network Die Philosophin. Forum f\u00fcr feministische Theorie und Philosophie Digitales Deutsches Frauenarchiv Fakult\u00e4t f\u00fcr Philologie\/Ruhr-Universit\u00e4t Bochum Feminismus im Pott Genderbibliothek des ZtG Gender Campus &hellip; <a href=\"https:\/\/kulturundgeschlecht.blogs.ruhr-uni-bochum.de\/?page_id=31\">Weiterlesen <span class=\"meta-nav\">&rarr;<\/span><\/a><\/p>\n","protected":false},"author":7,"featured_media":0,"parent":0,"menu_order":0,"comment_status":"closed","ping_status":"open","template":"","meta":{"footnotes":""},"class_list":["post-31","page","type-page","status-publish","hentry"],"_links":{"self":[{"href":"https:\/\/kulturundgeschlecht.blogs.ruhr-uni-bochum.de\/index.php?rest_route=\/wp\/v2\/pages\/31","targetHints":{"allow":["GET"]}}],"collection":[{"href":"https:\/\/kulturundgeschlecht.blogs.ruhr-uni-bochum.de\/index.php?rest_route=\/wp\/v2\/pages"}],"about":[{"href":"https:\/\/kulturundgeschlecht.blogs.ruhr-uni-bochum.de\/index.php?rest_route=\/wp\/v2\/types\/page"}],"author":[{"embeddable":true,"href":"https:\/\/kulturundgeschlecht.blogs.ruhr-uni-bochum.de\/index.php?rest_route=\/wp\/v2\/users\/7"}],"replies":[{"embeddable":true,"href":"https:\/\/kulturundgeschlecht.blogs.ruhr-uni-bochum.de\/index.php?rest_route=%2Fwp%2Fv2%2Fcomments&post=31"}],"version-history":[{"count":11,"href":"https:\/\/kulturundgeschlecht.blogs.ruhr-uni-bochum.de\/index.php?rest_route=\/wp\/v2\/pages\/31\/revisions"}],"predecessor-version":[{"id":697,"href":"https:\/\/kulturundgeschlecht.blogs.ruhr-uni-bochum.de\/index.php?rest_route=\/wp\/v2\/pages\/31\/revisions\/697"}],"wp:attachment":[{"href":"https:\/\/kulturundgeschlecht.blogs.ruhr-uni-bochum.de\/index.php?rest_route=%2Fwp%2Fv2%2Fmedia&parent=31"}],"curies":[{"name":"wp","href":"https:\/\/api.w.org\/{rel}","templated":true}]}}